-6 - -9)
-1
-12 + (3 - (5 - 30))
16
-18 + (0 - 0) + (-19 - (-6 - 2))
-29
What is (-29 - -23) + (-1 - -2) - 18?
-23
What is the value of -21 + (-10 - -53) - 22?
0
Calculate -15 + (23 - 15) + (0 - 4).
-11
Calculate (10 - (-2 - -3)) + 11 + 1 + -17.
4
What is the value of 5 + (3 - -2) + (-5 - (-13 + 7))?
11
What is (21 - 12) + -2 + 1?
8
What is -37 + 56 - 37 - ((0 - 1) + 4)?
-21
3 + -4 + ((26 - -1) + -7 - -9)
28
What is -10 + (54 - 25) - 2?
17
What is the value of -30 - ((1 - 8) + (-56 - -50))?
-17
Evaluate -17 - (-2 + -3 - (3 - 6)).
-15
Calculate (19 - 0) + -15 + 35 + -30.
9
What is (-3 - -3) + (11 - (13 + 4))?
-6
Evaluate -38 + 48 + (-3 - -8).
15
Calculate 35 - (-19 - -40) - 31.
-17
Calculate 0 + (2 - (65 + -61 - (1 + -5))).
-6
0 - (10 + -1 + -19)
10
-15 - -6 - -11 - 8
-6
9 + (11 + -8 - 8) - (-1 - -6)
-1
34 - (0 + 3 - (-97 - -91))
25
Calculate 1 - 10 - (-6 + (21 - 13)).
-11
Evaluate -21 + -7 + (9 + -7 - -1) + -2.
-27
-23 + 36 + -11 + 1
3
What is -32 + 1 - (45 - (1 + 52))?
-23
What is -9 + 8 + (6 - 7) - 25 - -6?
-21
Evaluate -68 - (18 + -36 + -20).
-30
-8 + -11 + -15 + 37 + -9
-6
(-28 - 0) + 42 + -15 - (1 + -33)
31
-12 + (0 - 2) + 57 + -57
-14
Calculate (-27 - -16 - -2) + (-2 - -24).
13
-33 + 12 - (-29 + -3)
11
(-17 + 33 - 34) + 27
9
Calculate 19 + (14 - (20 - 2 - 6)).
21
-11 - ((-7 - 2) + (-15 + 29 - 6))
-10
What is 4 + 0 + -1 - 8 - (1 + 5)?
-11
Calculate 10 - 2 - ((-9 - -7) + -10 + 14).
6
What is the value of 18 + (63 - 89) + -1 + 0 + 0?
-9
What is the value of -16 + (-2 - (7 + -8 + -6))?
-11
What is 3 + (-15 - (-1 + 4 + -5)) + -3?
-13
What is the value of 3 + (-7 + -4 - 3 - 5 - -5)?
-11
What is the value of 6 - -5 - (10 - 17)?
18
9 + 9 + (57 + -72 - (1 - 5))
7
-17 - (-24 - (23 + -42))
-12
What is -88 - -60 - (-1 - 8)?
-19
Evaluate -5 - -8 - (1 + 11).
-9
Evaluate 2 - -2 - 1 - (-7 + 6 - -6).
-2
What is the value of (-17 - (-11 - 10)) + 15?
19
What is (-477 - -476) + (-4 - 0) + 0 + -1?
-6
Evaluate -5 + -10 + -8 + 12 - 12.
-23
Calculate (44 - 54) + (2 - 0) - (-8 + 4).
-4
What is (9 - (-11 + 26)) + -18 + 13?
-11
What is (-14 - -14) + -4 + (0 - 2)?
-6
(38 - (41 - 37)) + -15
19
27 - 39 - -9 - (-1 - -15)
-17
(-33 + 24 - -32) + 2
25
Evaluate -2 + (7 - 19 - -23).
9
24 + (-69 - (-4 + -33))
-8
Evaluate 12 - (-7 + 15) - (0 - -12) - 6.
-14
What is 6 - 0 - -1 - 14?
-7
Evaluate 8 + -67 + 28 + 31.
0
Calculate -15 + (2 - 20 - -19).
-14
-1 + 8 + 2 + -3 + -6
0
Calculate (0 - -3) + -3 + 38 + -75 + 42.
5
What is the value of 0 - 22 - (423 + -427)?
-18
Calculate -42 - (((16 - 12) + 0 - 14) + -2).
-30
What is 41 + -45 + 6 + 2?
4
Calculate -5 - (5 - (-1 - -3 - -2) - -1).
-7
What is -346 - -364 - (2 - (2 + -11))?
7
What is the value of -6 - ((8 - (-8 + 5 + 10)) + -4)?
-3
Calculate 13 - 10 - 23 - -22.
2
Calculate -10 + 0 - ((-3 - -10) + -8).
-9
Calculate -9 - (-8 + -6 + 17 - 25).
13
What is the value of (-1 + (7 - 9) - 8) + -14?
-25
Evaluate (6 + -14 - -7 - -2 - -1) + 11.
13
Evaluate -5 - (4 - (10 - 1)).
0
What is (-6 - (-18 + (3 - -5))) + 2?
6
What is (-16 - 20 - -20) + 15?
-1
Evaluate (-12 + 1 - -12) + 8.
9
What is the value of (46 + -55 - (-32 - (1 - 1))) + -4?
19
Evaluate (3 - -5) + (12 - 13).
7
4 - (-11 + (-13 - -17))
11
68 - (50 + 21) - (0 - -1)
-4
-6 + -2 + (-4 - -16) + 12 + -5
11
Calculate -27 - (-16 + (14 - 10)).
-15
Calculate 8 + -9 + 4 + -1 - (-3 + -6).
11
What is the value of 0 + (-12 - -1) + (8 - (24 + -16))?
-11
Calculate 18 - (3 - ((-10 - 1) + 10)).
14
What is the value of 1 + 2 + (99 - 95)?
7
What is the value of (9 - 5) + 4 - (3 + -10)?
15
What is -3 + (0 - (11 + -6) - -12) + 5?
9
Evaluate (-18 - 0) + (2 - -8 - 5).
-13
(8 + 5 + -4 - -4) + -6 - 6
1
Calculate (19 - 1) + (-5 - (4 - 14 - 0)).
23
What is the value of -2 - (19 - (34 - 16))?
-3
-1 - 0 - (6 - (1 + 11))
5
Calculate (-23 + 26 - 6) + -21.
-24
What is the value of 8 + (15 - 28 - -17)?
12
What is the value of -22 - ((5 - 5) + -9)?
-13
9 + -3 + 3 + (-387 - -400)
22
Evaluate 0 + -4 + -10 + 4.
-10
(5 - -6) + (-11 + 36 - 7)
29
(-11 - -7) + 5 - 14
-13
What is the value of (12 - (3 + 21)) + -2?
-14
Evaluate 4 + 0 - (-9 + 24).
-11
5 + -4 + (-37 - -23)
-13
What is -86 + 61 + (9 - 1)?
-17
What is 1 + -17 + 1 + 22 - (24 - 1)?
-16
Calculate (-8 + 0 - -3) + -35 - (2 + -4).
-38
3 + -17 - ((11 - 10) + -2)
-13
Evaluate (9 - (-36 - -2)) + -29.
14
What is (-45 - -19) + 23 - 9?
-12
Calculate 0 + -5 - (-320 + 310).
5
What is 8 - ((6 - -7) + -11) - -1?
7
What is (2 - -14) + (-10 - (-3 - (3 + -4)))?
8
What is (1071 - 1053) + (-22 - 0)?
-4
12 - (3 + 15 + 9 + -36)
21
Evaluate 0 + ((-6 - -6) + -4 - -6) + 4.
6
What is -15 + (7 - -6 - 8)?
-10
Evaluate (17 - 22) + (-5 - -1) + 11.
2
Calculate 0 - (-7 - (7 + (-6 - 4))).
4
-25 - 2 - (-556 - -505)
24
What is 119 + -81 - (2 - -5)?
31
17 + (-16 + 16 - -2)
19
What is the value of -6 + (6 - 3) + -3 - (-28 + 18)?
4
-5 + (-14 - (12 + -22 + 1))
-10
What is the value of (8 - -4) + -6 + -10 + 3?
-1
Evaluate -11 + (-10 - -25) + -18.
-14
Evaluate -4 - (2 + -3 + 11 + -21 + -7).
14
What is the value of 3 + 5 + (-8 + 10 - 2) + 1?
9
What is (3 + -14 - 10) + 2 + 6?
-13
24 - 28 - (5 + -9)
0
Calculate (30 + -59 - -22) + 24.
17
What is the value of -9 - (7 - 13 - 9)?
6
What is 3 + (13 - 1 - 21)?
-6
What is -13 - (-51 - -12 - (16 - 33))?
9
What is the value of 25 + 8 + 3 + -38?
-2
What is the value of -22 - (9 + -34) - (-1 + -5) - -7?
16
(-7 - 24 - -7) + 86 + -94
-32
Calculate (-4 - 12) + 36 + -31.
-11
Calculate -73 + 68 - (1 - 3 - (0 + -9)).
-12
What is the value of 7 - (10 - (-6 + -10))?
-19
(293 - 314) + 0 + 10
-11
What is the value of -3 - -2 - 5 - -9 - 5?
-2
(0 - -12 - -4) + (16 - (-15 - -33))
14
Calculate 18 - (-7 - -8) - 15.
2
Evaluate 3 + 11 + 30 + -51.
-7
Calculate 89 + -81 - (-5 - -7).
6
What is -12 - (-6 - (25 - 15))?
4
-22 + (3 - -4) + 14
-1
Calculate (-60 - -68) + -19 + -1 + 0.
-12
4 - ((1 - 9) + -6 + 19 + 6)
-7
What is -1 + (-9 - -10) + 5 + (0 - 9)?
-4
(1 + 1 - 6) + -114 + 106
-12
Calculate 64 + -73 - ((-3 - -5) + -31).
20
What is -15 + (20 - 15) + 6?
-4
-40 + -22 - -45 - (2 + -3 + 5)
-21
Evaluate 11 - (6 - -1) - 12 - (2 - 1).
-9
What is the value of -2 + (7 - 3) + (-6 - -11) + -25?
-18
What is the value of -15 + (1 - 3) - -20?
3
Calculate -16 + 52 - 75 - (1 - 11).
-29
Calculate (-1 - (-5 - (5 - 3))) + 6.
12
(0 - 0) + -2 + (25 - 23)
0
Calculate -17 - (27 - 41) - (-4 + 1).
0
What is -14 + (1 + -21 + 8 - -6 - -8)?
-12
Evaluate (-17 - (10 - 21)) + (-1 - -3 - 9).
-13
Evaluate (-20 - 4 - -33) + -26.
-17
What is -3 + 5 - 26 - 0 - (503 - 506)?
-21
254 - 242 - (0 - -42)
-30
What is the value of (1 - 2) + -6 + 14 + 5?
12
What is the value of -38 + (-43 - -59) + 12?
-10
Calculate 5 + (-30 - (-5 + (3 + -8 - -7))).
-22
-37 - -9 - (0 - 42)
14
Calculate 1 + -5 + 21 + -17 + -5 + -11.
-16
What is 7 - -7 - (2 + (-31 - -37))?
6
Calculate (16 - 14) + -22 - -13.
-7
What is the value of 10 - (-6 + (12 - (-5 + 12 + 2)))?
13
(-11 - 1) + -6 + 21
3
What is 18 + -22 + -4 + (1 - 0)?
-7
Evaluate (9 + -10 - 0) + 6 - 9.
-4
Evaluate -18 + (-14 - -10) - -33.
11
0 - (-55 - -57 - (0 + 3 + -2))
-1
Calculate 170 + -202 + (4 - -60).
32
13 + -8 + -6 - -1
0
What is (-8 + 15 - -22) + -22?
7
What is 2 + 4 + -3 - -5?
8
(10 - (-2 - -8)) + -1 + -7 + 23
19
What is the value of -84 + 79 + (-1 - -8)?
2
Calculate 2 + (-14 - (3 + -1)).
-14
-5 + 10 + (150 - 163 - (0 - 38))
30
What is the value of 15 + -5 + -5 + -8?
-3
Evaluate -10 + 1 - (-668 - -640).
19
-21 - (-60 - (35 - 74))
0
Calculate 2 + -4 + -4 + -6 + 0 + 31.
19
What is the value of 15 + (-14 - 15) - -1?
-13
14 + -44 - -9 - -41
20
Evaluate (-347 - -347) + -12 + 1.
-11
-6 - (-25 - (-17 - 19))
-17
-13 + 20 + 14 + -26
-5
What is -12 + 29 - (-6 - -24)?
-1
Evaluate (-1 + 2 - (25 - 32)) + -16.
-8
-6 + -10 + 2 + 8 - -18
12
Calculate (-15 - (4 - 13)) + 12 + 5 + -2.
9
Evaluate -1 + -4 + 15 - (-12 + -12 + 18).
16
What is the value of 409 + -400 + (-6 - 1)?
2
What is the value of -10 + -7 + -2 - -20?
1
Evaluate (-18 - 0) + -41 + 127 + -39.
29
What is the value of 5 + -1 + -19 + 20?
5
(-5 + (3 - -5) - 13) + (0 - 0)
-10
7 + -8 - (5 - 1 - -12)
-17
(0 - (8 + 0 - -1)) + -2051 + 2056
-4
8 + 2 - (2 - -3 - (37 - 38))
4
Evaluate -17 + 14 - -5 - 16.
-14
Calculate -48 - -41 - (-9 + (4 - 1)) - -5.
4
Evaluate 24 + -14 + -22 - 16.
-28
Calculate ((-1 - -1) + 7 - (-221 - -200)) + -3.
25
Calculate 0 